e remainder when 42748 is divided by 9?
7
What is the remainder when 628181 is divided by 962?
957
Calculate the remainder when 460387 is divided by 49.
32
What is the remainder when 11314 is divided by 5653?
8
Calculate the remainder when 8544 is divided by 628.
380
What is the remainder when 23791 is divided by 1531?
826
What is the remainder when 5937 is divided by 1343?
565
What is the remainder when 3876 is divided by 1221?
213
What is the remainder when 80800 is divided by 181?
74
Calculate the remainder when 14383 is divided by 67.
45
What is the remainder when 207987 is divided by 5?
2
What is the remainder when 451593 is divided by 1579?
1578
What is the remainder when 47607 is divided by 170?
7
What is the remainder when 144985 is divided by 136?
9
What is the remainder when 6622 is divided by 85?
77
What is the remainder when 83948 is divided by 88?
84
What is the remainder when 501 is divided by 461?
40
What is the remainder when 1156 is divided by 193?
191
What is the remainder when 2328 is divided by 76?
48
Calculate the remainder when 1074301 is divided by 31.
27
Calculate the remainder when 61924 is divided by 938.
16
Calculate the remainder when 719 is divided by 69.
29
Calculate the remainder when 12302 is divided by 17.
11
What is the remainder when 9640 is divided by 296?
168
What is the remainder when 209495 is divided by 609?
608
Calculate the remainder when 2544 is divided by 785.
189
Calculate the remainder when 10325 is divided by 2581.
1
What is the remainder when 86895 is divided by 67?
63
What is the remainder when 36334 is divided by 4414?
1022
Calculate the remainder when 4224 is divided by 307.
233
What is the remainder when 17619 is divided by 121?
74
What is the remainder when 80932 is divided by 141?
139
What is the remainder when 22191 is divided by 22089?
102
Calculate the remainder when 194807 is divided by 12.
11
What is the remainder when 2857 is divided by 2561?
296
Calculate the remainder when 804 is divided by 299.
206
Calculate the remainder when 4837 is divided by 248.
125
What is the remainder when 2330 is divided by 1112?
106
What is the remainder when 17093 is divided by 949?
11
Calculate the remainder when 569663 is divided by 46.
45
What is the remainder when 358812 is divided by 193?
25
Calculate the remainder when 2710 is divided by 98.
64
Calculate the remainder when 2903 is divided by 2548.
355
What is the remainder when 2641 is divided by 275?
166
What is the remainder when 6523 is divided by 42?
13
Calculate the remainder when 13450 is divided by 2608.
410
What is the remainder when 6236 is divided by 328?
4
What is the remainder when 93044 is divided by 7?
0
Calculate the remainder when 21892 is divided by 476.
472
What is the remainder when 13854 is divided by 315?
309
What is the remainder when 115043 is divided by 7?
5
What is the remainder when 579 is divided by 15?
9
Calculate the remainder when 6646 is divided by 18.
4
What is the remainder when 11363 is divided by 12?
11
Calculate the remainder when 1525 is divided by 10.
5
Calculate the remainder when 160247 is divided by 132.
131
What is the remainder when 184 is divided by 109?
75
Calculate the remainder when 9798 is divided by 19.
13
Calculate the remainder when 17927 is divided by 691.
652
What is the remainder when 2554 is divided by 576?
250
Calculate the remainder when 6267 is divided by 38.
35
What is the remainder when 208237 is divided by 19?
16
Calculate the remainder when 165045 is divided by 143.
23
What is the remainder when 26069 is divided by 5213?
4
What is the remainder when 4214 is divided by 166?
64
What is the remainder when 262485 is divided by 14?
13
Calculate the remainder when 4834 is divided by 44.
38
Calculate the remainder when 1909 is divided by 1088.
821
Calculate the remainder when 10781 is divided by 416.
381
What is the remainder when 40861 is divided by 131?
120
Calculate the remainder when 33160 is divided by 33068.
92
What is the remainder when 53189 is divided by 59?
30
What is the remainder when 279939 is divided by 194?
191
What is the remainder when 2684 is divided by 200?
84
Calculate the remainder when 480 is divided by 233.
14
What is the remainder when 10270 is divided by 208?
78
Calculate the remainder when 48753 is divided by 334.
323
What is the remainder when 36917 is divided by 26?
23
Calculate the remainder when 14978 is divided by 14.
12
What is the remainder when 71428 is divided by 2857?
3
What is the remainder when 13182448 is divided by 30?
28
What is the remainder when 420279 is divided by 129?
126
Calculate the remainder when 3720 is divided by 151.
96
Calculate the remainder when 188163 is divided by 308.
283
What is the remainder when 1211196 is divided by 64?
60
What is the remainder when 163069 is divided by 27178?
1
What is the remainder when 103601 is divided by 233?
149
Calculate the remainder when 1056 is divided by 192.
96
What is the remainder when 28172 is divided by 13899?
374
What is the remainder when 6872 is divided by 6869?
3
Calculate the remainder when 618157 is divided by 154535.
17
What is the remainder when 88 is divided by 58?
30
Calculate the remainder when 18967 is divided by 89.
10
What is the remainder when 4164 is divided by 991?
200
What is the remainder when 18756 is divided by 5961?
873
What is the remainder when 5959 is divided by 125?
84
Calculate the remainder when 94204 is divided by 593.
510
What is the remainder when 73836 is divided by 4339?
73
What is the remainder when 47609 is divided by 7?
2
What is the remainder when 11573 is divided by 948?
197
What is the remainder when 5962 is divided by 242?
154
Calculate the remainder when 357450 is divided by 119150.
0
What is the remainder when 356 is divided by 4?
0
Calculate the remainder when 623 is divided by 9.
2
Calculate the remainder when 78840 is divided by 102.
96
Calculate the remainder when 4370 is divided by 2151.
68
What is the remainder when 603513 is divided by 301742?
29
What is the remainder when 369986 is divided by 45?
41
What is the remainder when 9762 is divided by 647?
57
Calculate the remainder when 1715 is divided by 740.
235
What is the remainder when 9242 is divided by 34?
28
What is the remainder when 1371555 is divided by 24?
3
What is the remainder when 2236980 is divided by 21?
18
Calculate the remainder when 23771 is divided by 11869.
33
Calculate the remainder when 5706 is divided by 440.
426
What is the remainder when 2109 is divided by 291?
72
What is the remainder when 1048 is divided by 494?
60
What is the remainder when 6383 is divided by 48?
47
Calculate the remainder when 737 is divided by 268.
201
What is the remainder when 10503 is divided by 1056?
999
What is the remainder when 447287 is divided by 1669?
1664
What is the remainder when 941 is divided by 325?
291
Calculate the remainder when 172082 is divided by 453.
395
What is the remainder when 131169 is divided by 13?
12
Calculate the remainder when 6939 is divided by 28.
23
Calculate the remainder when 3801 is divided by 3711.
90
Calculate the remainder when 26714 is divided by 73.
69
Calculate the remainder when 76419 is divided by 25462.
33
Calculate the remainder when 3688 is divided by 608.
40
Calculate the remainder when 2583 is divided by 1260.
63
What is the remainder when 16694 is divided by 45?
44
Calculate the remainder when 1868 is divided by 880.
108
Calculate the remainder when 62054 is divided by 42.
20
Calculate the remainder when 3077 is divided by 486.
161
Calculate the remainder when 2482 is divided by 362.
310
Calculate the remainder when 765343 is divided by 38.
23
What is the remainder when 4816 is divided by 1109?
380
What is the remainder when 5987 is divided by 127?
18
Calculate the remainder when 3747 is divided by 3069.
678
Calculate the remainder when 44550 is divided by 14844.
18
Calculate the remainder when 3784 is divided by 42.
4
Calculate the remainder when 20961 is divided by 20960.
1
What is the remainder when 872 is divided by 38?
36
Calculate the remainder when 115729 is divided by 26.
3
Calculate the remainder when 3602 is divided by 709.
57
Calculate the remainder when 67167 is divided by 22381.
24
Calculate the remainder when 10531 is divided by 2631.
7
